1 = -0*w + 2*w + 5*h. Let c(d) = 10*d - 1. Give c(w).
-21
Let n(y) be the third derivative of -y**4/24 + 7*y**3/3 + 326*y**2. Give n(-5).
19
Suppose -r = 21 - 18. Let d(j) = -j**2 + j + 4. What is d(r)?
-8
Let t(n) be the second derivative of -n**5/10 + n**4/12 + n**2 - 3*n. Suppose 3*w + 4 = w. Give t(w).
22
Let l(a) be the first derivative of -a**2/2 - 12*a - 3. Let p(m) = -2*m**2 + 3*m + 37. Let s be p(-4). Calculate l(s).
-5
Let k = -4 - -6. Let y be (-57)/(-9) - k/6. Let v(z) = -z**2 + 6*z - 12. Let n(h) = -2*h**2 + 12*h - 26. Let d(s) = -2*n(s) + 5*v(s). What is d(y)?
-8
Let b(z) = 4*z**2 - 1. Let w(j) = -19*j**2 + 3*j + 6. Let x(a) = -5*b(a) - w(a). Determine x(-6).
-19
Let r(o) = -1 + 0*o + 0 - 9*o + 5*o + 9. Calculate r(3).
-4
Let f(w) = w**2 - w + 2. Let x be f(0). Let t be (x + -2 - -6) + 0. Let m(j) = -3 + 2 - j**3 - 539*j + 272*j + 269*j + 6*j**2. Calculate m(t).
11
Let g(w) be the first derivative of 1/2*w**2 + 0*w - 18. Determine g(3).
3
Let y(b) = b - 1. Suppose 0 = 3*f + u - 5*u + 1, -2*u + 3 = -f. Suppose f*h + 45 = 2*w, 0 = -3*h - 2*w - 2*w - 1. Give y(h).
-8
Let v(j) be the third derivative of -j**6/120 + 2*j**5/15 - 11*j**4/24 - 7*j**3/6 + j**2 - 46. Determine v(6).
-1
Let o be 12/(-30) + 5/(-100)*-8. Let u(s) = -s**3 - s**2 + s. What is u(o)?
0
Let n(r) = -r**3. Let o be 2/(-8)*(-37 - -21). Suppose 0 = 6*a + o + 8. Determine n(a).
8
Let q(p) = p**3 - p**2 - p - 13. Let g = -17 - -17. Suppose g = -9*y + 6*y. Give q(y).
-13
Let k(d) be the third derivative of d**6/120 - d**5/5 - 7*d**4/6 - 2*d**3/3 - 254*d**2. Give k(14).
-4
Let x(s) = -s**3 - 7*s**2 - 12*s - 4. Let i be x(-5). Let y(t) be the second derivative of t**4/12 - t**3 - t**2/2 + 29*t. Give y(i).
-1
Suppose -32 = -2*s - 2*s. Let y(h) = -267*h - 248*h + 5 - 1 + 514*h. Give y(s).
-4
Let k be 3/(-20)*(-127)/381. Let h(u) be the third derivative of 0*u + k*u**5 + 6*u**2 - 1/3*u**3 + 1/24*u**4 - 1/60*u**6 + 0. Determine h(2).
-4
Let n be ((-20)/(-15) - 2)/((-2)/51). Let a(l) = 5*l - 35*l**2 + 19*l**2 + 3 + n*l**2. Let y = 5 - 10. Calculate a(y).
3
Let y be (40/(-12))/(4/(-6)). Let o(k) = 11 - y - 3 - 2*k. What is o(2)?
-1
Let x = -7 + 11. Suppose 0 = -9*p + 10 + 8. Let b(d) = 2*d + 4 - 8*d + 11*d**2 - 20*d**p + 10*d**2. Calculate b(x).
-4
Suppose -5*l = 15, 6*x + 2*l = x - 21. Let p(v) = v**2 - 4*v - 5 - 1 - 1. Let d(g) = g + 1. Let z(k) = 6*d(k) + p(k). Determine z(x).
2
Let a(z) be the third derivative of z**6/360 + z**5/15 + z**4/6 - z**3/2 + 5*z**2. Let b(r) be the first derivative of a(r). Determine b(-7).
-3
Let v(t) be the first derivative of t**2/2 - 20*t + 24. What is v(13)?
-7
Let i(j) = -2*j**3 - 2*j**2 + 2*j + 2. Suppose 4*s + 22 = -2. Let o(u) = u**2 + 4*u - 14. Let h be o(s). What is i(h)?
6
Let p(n) = -n**3 + 2*n**2 + 4*n - 2. Let s = 10 + -7. Suppose -2*u + 15 = -m, 0*m - 5 = m + s*u. Let b(y) = y + 14. Let w be b(m). Calculate p(w).
1
Suppose 0 = 5*i - g - 8, 3*i - 150*g + 26 = -145*g. Let b(x) be the third derivative of -x**5/30 + x**4/8 - x**3/3 + x**2. What is b(i)?
-11
Let o(s) be the second derivative of s**5/20 - 2*s**4/3 + s**3/3 - 3*s**2/2 - 507*s. What is o(8)?
13
Let g(l) = -2*l**2 - 6*l - 7. Let o(n) = n**2 - 15*n + 46. Let k be o(5). What is g(k)?
-15
Let f be -3*5*10/25. Let q(o) = -4*o. Determine q(f).
24
Let s(l) be the first derivative of 0*l**2 + 8/3*l**3 + 0*l - 1/360*l**6 - 1/12*l**4 - 1/120*l**5 + 6. Let z(i) be the third derivative of s(i). Calculate z(2).
-8
Let u be 2/8 - (-184)/32. Let j(g) = -3 - 4*g**3 - 7*g**3 - 7*g**2 - u*g + 13*g**3 - 3*g**3. Suppose -5*i - 24 = 6. Calculate j(i).
-3
Let f(d) = -d**3 + d**2. Let x be f(0). Let j be 115/46*(-6)/(-5). Let p(r) = -r**j - 5*r + 3*r + 3 + x*r. What is p(2)?
-9
Let x(y) = 3*y + 3. Suppose 1 - 4 = j. Let z be x(j). Let b(i) = -2*i - 8. Calculate b(z).
4
Let y be 53/159 - (-10)/6. Let b(t) = 6*t**2 + 4*t - 3. Determine b(y).
29
Let j be (6/(-2))/((-2)/(-6)). Suppose 4*r - 13 = 5*n, 3*n - n - 2*r = -4. Let b be 5/(75/j)*n. Let f(w) = -w**3 + 4*w**2 - 2. What is f(b)?
7
Let x(q) = -5*q - 60. Let v(m) = m + 10. Let c(n) = -25*v(n) - 4*x(n). What is c(-4)?
10
Let p(k) = -6*k**3 - k**2 + 18 + 2*k + 28 - 47 + 52*k**3. What is p(1)?
46
Suppose -209 = -22*i - 187. Let f(w) = -w - 1. What is f(i)?
-2
Let v(l) = 5*l - 13. Let n(c) = -12*c + 95. Let m be n(7). Determine v(m).
42
Let u(q) = q**2 + 2*q + 4. Suppose -63*c - 30 = -53*c. Determine u(c).
7
Let n = 670 - 673. Let p(c) = 2*c**3 + 2*c**2 + 2*c + 4. Calculate p(n).
-38
Let y(x) = -x**3 - 6*x**2 + 4. Let l be (0 + 2/(-4))*4. Let c be 10/l + (-1 - 0). Let q be y(c). Let s(a) = a - 6. Determine s(q).
-2
Let n(m) = -2*m**2 + 17*m - 2. Suppose 5 = o, -4*w + 5*o = -100 + 93. Give n(w).
6
Let w = -533 + 532. Suppose -t - 6 = -n, 2*n + 3*t - 2 = -0*n. Let u(j) = -3*j + n*j + 3*j. Give u(w).
-4
Let o(d) = -7*d + 29. Let u(v) = -3*v + 14. Let m(h) = 4*o(h) - 9*u(h). Let z be 32/(-144) - (-122)/(-18). Give m(z).
-3
Let x(r) = r**3 + 5*r**2 - 2*r - 7. Let m be x(-5). Let j be m/(-6)*12/(-6). Suppose 4*t + 9 - j = 0. Let h(g) = -g**3 - g**2 + g - 2. What is h(t)?
0
Let v(q) be the first derivative of 3*q**4/2 + q - 1. Suppose 5*i = 4*z - 37 + 11, 3*z = 3*i + 18. Let k = z + -5. Determine v(k).
-5
Let z(n) = 4*n**3 - n**2 - n - 1. Let r = -36 + 50. Suppose r*m + 3 = 11*m. Give z(m).
-5
Let i(d) be the first derivative of -d**2 + 12 + 1/60*d**5 + 3/8*d**4 + 0*d + 4/3*d**3. Let n(f) be the second derivative of i(f). Give n(-7).
-6
Let d = -37 - -39. Let k(r) = -d + 6 - 2*r + 0 + r. Let v(z) = -z**2 + 5*z - 3. Let f be v(5). What is k(f)?
7
Let s = 12 + -5. Let o = 4 - 6. Let p(u) = -u**3 - 5*u**2 + u + 8. Let z(a) = -3*a**3 - 9*a**2 + 3*a + 16. Let l(g) = o*z(g) + 5*p(g). Give l(s).
1
Let v(b) be the third derivative of -b**4/6 + 3*b**3/2 + 140*b**2. Give v(4).
-7
Let s(f) = f**3 - 5*f**2 + 3*f + 5. Let g be 385/(-15) - (-4)/(-12). Let u = g - -30. Give s(u).
1
Let h(u) = -5*u + 3. Let o = 17 - 13. Let l be 8*((-6)/o + 0). Let t = l + 14. What is h(t)?
-7
Let n(s) be the first derivative of -s**4/2 + 4*s**3/3 - s**2/2 + 3*s - 1. Suppose 25 - 21 = -18*c + 58. Give n(c).
-18
Suppose 8*y = -116 + 468. Suppose -3*o - f = 21, 0 = 5*o - 3*f + y + 5. Let x(b) = -b**2 - 10*b - 11. Calculate x(o).
5
Let k(a) be the second derivative of a**3/6 + 11*a**2/2 + 28*a. Calculate k(5).
16
Let o(i) = 13*i**3 + 2*i**2 - 2*i + 1. Let n(t) = 5*t - 4. Let c be n(2). Let f be -1 + (c - 3) + -1. Give o(f).
14
Suppose -18*d = -14*d - 20. Let r(i) = i. Determine r(d).
5
Let v(d) be the first derivative of 35 - 4*d - 1/3*d**3 + 5/2*d**2. Give v(5).
-4
Suppose 0*z + 2*z + 42 = -5*f, 0 = -3*f + 2*z - 22. Let x(c) be the third derivative of -c**6/120 - 3*c**5/20 - c**4/3 - c**3/3 + 16*c**2. Give x(f).
-2
Let g(a) = -6*a**2 - 12*a**2 - 4*a**2 + 4*a**3 + 16*a**2 - 3*a**3. Give g(6).
0
Suppose -3*l + 7 = 4*w + 18, -w + 4*l = -21. Let v(t) = 7*t - 3. Calculate v(w).
4
Let z(h) = -h**2 + 7*h - 4. Let r = -446 + 452. Determine z(r).
2
Let f(o) = 3 - 2 + 0 + 0. Let p(t) = -t**2 - 3*t + 13. Let w(x) = -4*f(x) + p(x). Let c(m) be the first derivative of w(m). Give c(4).
-11
Suppose -84 + 184 = 10*a. Let t(d) = d**3 - 9*d**2 - 10*d + 3. Give t(a).
3
Let d(w) = -w**3 + 2*w. Let o = -317 + 319. Give d(o).
-4
Let k(z) = 5*z - 21. Let v = -2 + 6. Let g be k(v). Let n(c) = 6*c - 1. Determine n(g).
-7
Let v be 2*(-5 + 10 - 4)*-1. Let x(a) = a**2 - 2*a. What is x(v)?
8
Let v(d) = 6*d**2 - 56*d + 3*d**2 + 16 - 8*d**2 + 37*d. Calculate v(18).
-2
Let q(f) = 2*f. Let t(l) = 27*l + 1. Let h(d) = -6*q(d) + t(d). Determine h(-2).
-29
Suppose 4*b - 12 - 12 = 0. Let h be 33*(12/(-9))/(-4). Let p(g) = -h*g + 18*g - 8*g. Determine p(b).
-6
Let v(r) = 4*r - 24. Let s be v(7). Let g(i) = -302*i**2 + s - 1 + 303*i**2 - 3*i + 5*i. What is g(-3)?
6
Let p(n) = 3*n**2 - 2*n - 2. Suppose 0 = 5*q - 33 - 162. Suppose 6*o - q - 81 = 0. Let a be ((-5)/o)/((-2)/16). Give p(a).
6
Let j(u) be the second derivative of 0*u**4 + 1/6*u**3 - 1/20*u**5 - 1 - 2*u**2 + 22*u. Determine j(0).
-4
Suppose 2*x - 27 = -13*m + 10*m, 0 = x - 5*m - 7. Let n(v) = v**2 - 11*v - 7. Calculate n(x).
5
Let f(w) = -w**2 + 8*w - 3. Suppose 4*p - 5*l = -6*l - 628, 2*p + 314 = -l. Let s = -149 - p. Determine f(s).
-3
Let s(d) = d - 6. Let u(x) 